{"id":6071,"date":"2024-04-24T20:02:21","date_gmt":"2024-04-24T18:02:21","guid":{"rendered":"https:\/\/cellermenescal.com\/producto\/mas-menescal-negre-2\/"},"modified":"2024-04-24T20:02:21","modified_gmt":"2024-04-24T18:02:21","slug":"mas-menescal-negre-2","status":"publish","type":"product","link":"https:\/\/cellermenescal.com\/ca\/producto\/mas-menescal-negre-2\/","title":{"rendered":"MAS MENESCAL Negre"},"content":{"rendered":"<p>Elaborat a partir de vinyes velles de 25 anys, producte de ceps amb producci\u00f3 mitjana-baixa. Es recull a m\u00e0 i el transport es realitza en caixes de petites dimensions per a un millor tractament del producte principal, el ra\u00efm. Fermentaci\u00f3 en acer inoxidable a temperatura controlada i maceraci\u00f3 entre una setmana i deu dies. Els remuntatges es combinen manualment i mec\u00e0nicament per aconseguir una bona extracci\u00f3 d&#8217;aromes i color, evitant les notes herb\u00e0cies i vegetals. El cupatge es porta a terme amb ra\u00efms. Proc\u00e9s que el fa caracter\u00edstic i diferenciador, converteix i identifica el vi amb una complexitat i intensitat superior.<\/p>\n","protected":false},"excerpt":{"rendered":"<p>Vi jove molt afruitat. Especial per a aperitius.<\/p>\n","protected":false},"featured_media":1341,"comment_status":"open","ping_status":"closed","template":"","meta":{"_coblocks_attr":"","_coblocks_dimensions":"","_coblocks_responsive_height":"","_coblocks_accordion_ie_support":"","_crdt_document":"","advanced_seo_description":"","jetpack_seo_html_title":"","jetpack_seo_noindex":false,"jetpack_publicize_message":"","jetpack_publicize_feature_enabled":true,"jetpack_social_post_already_shared":true,"jetpack_social_options":{"image_generator_settings":{"template":"highway","default_image_id":0,"font":"","enabled":false},"version":2},"_wpas_customize_per_network":false},"product_brand":[],"product_cat":[121876],"product_tag":[],"class_list":{"0":"post-6071","1":"product","2":"type-product","3":"status-publish","4":"has-post-thumbnail","6":"product_cat-tintos","8":"first","9":"instock","10":"purchasable","11":"product-type-simple"},"jetpack_publicize_connections":[],"jetpack_likes_enabled":true,"jetpack_sharing_enabled":true,"_links":{"self":[{"href":"https:\/\/cellermenescal.com\/ca\/wp-json\/wp\/v2\/product\/6071","targetHints":{"allow":["GET"]}}],"collection":[{"href":"https:\/\/cellermenescal.com\/ca\/wp-json\/wp\/v2\/product"}],"about":[{"href":"https:\/\/cellermenescal.com\/ca\/wp-json\/wp\/v2\/types\/product"}],"replies":[{"embeddable":true,"href":"https:\/\/cellermenescal.com\/ca\/wp-json\/wp\/v2\/comments?post=6071"}],"wp:featuredmedia":[{"embeddable":true,"href":"https:\/\/cellermenescal.com\/ca\/wp-json\/wp\/v2\/media\/1341"}],"wp:attachment":[{"href":"https:\/\/cellermenescal.com\/ca\/wp-json\/wp\/v2\/media?parent=6071"}],"wp:term":[{"taxonomy":"product_brand","embeddable":true,"href":"https:\/\/cellermenescal.com\/ca\/wp-json\/wp\/v2\/product_brand?post=6071"},{"taxonomy":"product_cat","embeddable":true,"href":"https:\/\/cellermenescal.com\/ca\/wp-json\/wp\/v2\/product_cat?post=6071"},{"taxonomy":"product_tag","embeddable":true,"href":"https:\/\/cellermenescal.com\/ca\/wp-json\/wp\/v2\/product_tag?post=6071"}],"curies":[{"name":"wp","href":"https:\/\/api.w.org\/{rel}","templated":true}]}}

<p>Elaborat a partir de vinyes velles de 25 anys, producte de ceps amb producció mitjana-baixa. Es recull a mà i el transport es realitza en caixes de petites dimensions per a un millor tractament del producte principal, el raïm. Fermentació en acer inoxidable a temperatura controlada i maceració entre una setmana i deu dies. Els remuntatges es combinen manualment i mecànicament per aconseguir una bona extracció d&#8217;aromes i color, evitant les notes herbàcies i vegetals. El cupatge es porta a terme amb raïms. Procés que el fa característic i diferenciador, converteix i identifica el vi amb una complexitat i intensitat superior.</p>
